c(l) = l**2 - 4. Let u be c(3). Suppose 2*a - 24 = u*a. Let v = a + 13. What are the prime factors of v?
5
Let l(h) = -2*h**3 - 11*h**2 - 9*h + 17. Let q(m) = 5*m**3 + 32*m**2 + 27*m - 51. Let u(r) = -8*l(r) - 3*q(r). What are the prime factors of u(9)?
17
Let x = -7 + 15. Suppose -q - 4*a = -2, -2*q + 6*q + 4*a = x. Suppose 0 = -q*h + 20 - 4. What are the prime factors of h?
2
Suppose 6792 = 8*x - 4*x. Suppose x - 708 = 10*b. List the prime factors of b.
3, 11
Let c(z) = z**2 + 30*z - 60. What are the prime factors of c(33)?
3, 673
Let f(t) = -t**3 + 30*t**2 - 38*t + 90. List the prime factors of f(28).
2, 3, 11
What are the prime factors of ((-798)/(-60)*-4)/((-8)/40)?
2, 7, 19
Let q(x) be the first derivative of -3*x + 3/2*x**2 - 3. List the prime factors of q(4).
3
Suppose 2*s = 3*v + 209, 0 = -3*v + 3*s + 4 - 211. Let i = -4 - v. List the prime factors of i.
67
Suppose 0*k + 3*k = 561. Suppose -28*x = -27*x - k. What are the prime factors of x?
11, 17
Let u(r) = 2*r - 9. Let h be u(0). Let i be (-204)/h*(-15)/(-2). Suppose -4*b - b + i = 0. List the prime factors of b.
2, 17
Suppose 5*z + 5*o = 3450, -5*z = -z - 2*o - 2784. What are the prime factors of z?
2, 347
Let k(z) = 2*z**2 - 10*z + 27. What are the prime factors of k(11)?
3, 53
Suppose 0 = -3*c + 16 + 29. Suppose c + 0 = 3*j. Let n = j + 8. What are the prime factors of n?
13
Let c(z) = 5*z - 2. What are the prime factors of c(8)?
2, 19
Let i(p) = 62*p**2 - 3*p + 3. Let o be (3 - 8/2)*-1. What are the prime factors of i(o)?
2, 31
Let k(s) = 2*s**2 - 7*s - 4. Let i be k(5). Suppose -9*g + i*g = 98. What are the prime factors of g?
7
Suppose 3*a + 3*h = -0*a + 8232, 0 = 2*a - 5*h - 5502. List the prime factors of a.
2, 1373
What are the prime factors of 2/(-10) + (-52092)/(-10)?
5209
Suppose -3*x + 2 = -2*r, -x + 4 = x. Suppose -4*o + p = r*p - 250, 4*p = 8. Suppose -z + o = z. What are the prime factors of z?
31
Suppose 0 = 3*y - 2*g, 0 = -4*y - 0*g - 4*g. Suppose y = 4*b + b - 10. Suppose -b*i - 2*i + 48 = 0. What are the prime factors of i?
2, 3
Let o be (-5)/(-1*4/(-88)). Let j = 155 + o. Suppose j + 79 = 4*t. List the prime factors of t.
31
Suppose -797 = -8*x + 1771. What are the prime factors of x?
3, 107
Let b = 19 + 15. Let u = 100 + b. Suppose 2*y + 12 = u. List the prime factors of y.
61
Suppose -f = 4*f - 3*b - 2115, 5*f + b - 2115 = 0. What are the prime factors of f?
3, 47
Let a(j) = -4*j - 12. Let m be a(-13). Let c be (-1 - 5)/((-2)/1). Suppose 0 = c*s - 4*s + m. What are the prime factors of s?
2, 5
Let k(r) = -r**3 - 8*r**2 + 9*r - 58. List the prime factors of k(-10).
2, 13
Let n(x) = 13*x**3 - 2*x**2 + 5*x - 5. Let u be (-4)/(-10)*(-15)/(-4 - -1). List the prime factors of n(u).
101
Suppose -9 = -0*y - 3*y. Suppose 176 = y*p + p. What are the prime factors of p?
2, 11
Suppose 0 = 4*s - 22 + 6, -3*s + 10 = -x. Suppose -x*c = -3*g + 349, -5*g + 555 = -0*c + 2*c. List the prime factors of g.
113
Let v(j) = -j - 7. Let t be v(-10). Suppose t*z - 213 = -3*k, -2*k = -z - z - 126. What are the prime factors of k?
67
Let a = -7 - -10. Suppose 4*x = -5*n + x + 80, -3*n + 54 = a*x. What are the prime factors of n?
13
List the prime factors of 1 - 6 - (-28920)/40.
2, 359
Let c(v) = -5*v**3 + 3*v**2 + 6*v + 2. Let u be c(3). Let n = u - -153. What are the prime factors of n?
5, 13
Suppose 0 = -2*l - 5*c + 4, -12 - 15 = -3*l + 3*c. Suppose 10*u - l*u - 213 = 0. What are the prime factors of u?
71
Let d(o) = -o**2 + 5*o + 16. Let k be d(7). Suppose -k*q = 11 - 125. What are the prime factors of q?
3, 19
Suppose -4 = -x + 5*d - 22, x + 3*d = -18. Let w = x - -30. What are the prime factors of w?
2, 3
Suppose -2*p - 240 = -0*o - 3*o, 2*o + 4*p - 160 = 0. Let c = o - -2. What are the prime factors of c?
2, 41
Let m = 8 - 13. Let w(y) = -3*y + 13. Let v(l) = 4*l - 13. Let b(z) = 4*v(z) + 5*w(z). List the prime factors of b(m).
2
Suppose -7*y + 539 = -420. What are the prime factors of y?
137
Let o = 22 + -29. Let s(y) = -2*y**3 - 7*y**2 + 15*y + 1. What are the prime factors of s(o)?
239
What are the prime factors of 172578/(-84)*4/(-7)?
2, 587
What are the prime factors of (-7 - (-388)/20)*145?
2, 29, 31
Let s(c) = 33*c - 19. Let h(z) = -67*z + 39. Let a(n) = 6*h(n) + 13*s(n). What are the prime factors of a(6)?
149
Let i(g) = 5*g**2 + 14. Let h be i(-7). Suppose 2*p = -l + h, -p - 2*l + 152 - 24 = 0. What are the prime factors of p?
2, 5, 13
Suppose -48 = -5*m + 3*u - 2*u, -46 = -4*m - 3*u. Let k = 12 - m. Let r = 6 - k. What are the prime factors of r?
2
Suppose 5*u = 20, 962 = w + u - 387. List the prime factors of w.
5, 269
Suppose 131*f - 135*f + 3592 = 0. List the prime factors of f.
2, 449
Suppose -2*i = -5*i. Suppose u + 2*u + 138 = i. Let a = u + 83. List the prime factors of a.
37
List the prime factors of (64/(-8) - -2095) + 1.
2, 3, 29
Let k = 43 - 31. Suppose -3*y + 2*y = -m + 4, -m + 3*y + k = 0. Suppose -g + 14 = -m. List the prime factors of g.
2, 7
Let p(i) = -i - 6. Let d be p(-9). Suppose 0 = 2*q + j - 2, d*j - 4 = 4*j. Suppose 0*m - 63 = -4*v - 5*m, q*v - 50 = -m. What are the prime factors of v?
17
Suppose 9*v - 5*v = 604. What are the prime factors of v?
151
Suppose 3*r + 0*r = 12. Suppose r*g - 743 = -5*p, p - 6*g + g - 166 = 0. What are the prime factors of p?
151
Let o(g) = -33*g - 11. Let s = -28 - -25. List the prime factors of o(s).
2, 11
Let d = -213 + 347. Suppose -4*l + 447 - d = -c, 3*l + 5*c - 252 = 0. List the prime factors of l.
79
Let b be 2 + -5 + 3 + 42. Let l be -4 - (-4)/((-12)/(-3)). Let d = b + l. List the prime factors of d.
3, 13
Let f(d) = -4*d - 9. Let r be -2 + (-3 - -5)/(-1). Let y = r - 0. List the prime factors of f(y).
7
Let j(p) = -5 - 4*p - 5 - 1 + 3*p. Let f be j(-14). Suppose -2*x - 48 = -f*k, -3*x - 42 = -3*k + x. List the prime factors of k.
2, 3
Let i = -7 + 9. Let s(c) = -1 - c + i*c + 31*c**2 - c. What are the prime factors of s(-1)?
2, 3, 5
Let g(j) = 2*j**2 + 28*j + 50. What are the prime factors of g(-20)?
2, 5, 29
Suppose -2584 = -o - 2*w, -6*w = -4*o - 4*w + 10296. What are the prime factors of o?
2, 7, 23
Let d(b) = -b**3 + b**2 - 6*b - 8. Let k be d(-6). Suppose 2*w + 2*w - k = 0. List the prime factors of w.
2, 5, 7
Let g be (0 - 0)/((-9)/9). Suppose g = -31*j + 34*j - 111. List the prime factors of j.
37
Suppose 0 = 16*j - 32*j + 7952. List the prime factors of j.
7, 71
Suppose 4*u - 57 = -9. Let i = -5 + u. Let y = 9 - i. List the prime factors of y.
2
Suppose -4*f + 6423 = 1683. List the prime factors of f.
3, 5, 79
Let j be 502*3/18*3. Suppose 5*f - 335 = 2*z, -4*z - z - j = -4*f. Suppose 5*y - f = -5*c + 11, -y + 11 = -4*c. List the prime factors of y.
3, 5
Let p be (-2)/(-6) - (-10)/15. What are the prime factors of 2/(p - (-75)/(-81))?
3
Suppose 9 = f + 6. Suppose 0 = f*r + r + 16. List the prime factors of 8/6*(-54)/r.
2, 3
Suppose -5*s + 65 = -120. Suppose -4*d = 73 - 17. Let r = s + d. List the prime factors of r.
23
Suppose -3*b = -q + 2*q - 6353, 5*q + b - 31695 = 0. What are the prime factors of q?
2, 3169
Let d(y) = y - 19. Let v be d(11). Let n(q) = q**3 + 9*q**2 + 2*q + 8. What are the prime factors of n(v)?
2, 7
Let f = 1152 + -260. List the prime factors of f.
2, 223
Let p be 3 + (3 - 11) - -105. Let u = p + 128. List the prime factors of u.
2, 3, 19
Suppose -5*p = 2*v - 1079 - 1997, -4*p + 2454 = 5*v. What are the prime factors of p?
2, 7, 11
Suppose 6*w - 3901 = -445. List the prime factors of w.
2, 3
Suppose 15*i = 19*i - 1828. What are the prime factors of i?
457
Suppose -42 = -7*f + 21. Suppose -c + 5 + f = 0. What are the prime factors of c?
2, 7
Let a = 2 + -6. What are the prime factors of a/30 + (-1024)/(-30)?
2, 17
Let j = 35 - 32. Suppose -432 = -f - j*f. Suppose 9*a - f = 7*a. List the prime factors of a.
2, 3
Let i = 13 - -32. Suppose 4*c - 4*b - 223 = i, -3*b - 77 = -c. What are the prime factors of c?
2, 31
Let p = -20 - -40. Let k = 19 - p. What are the prime factors of (-4 - k) + 2*26?
7
Suppose 28 = 2*r - 4. Suppose -22*j = -r*j - 252. List the prime factors of j.
2, 3, 7
List the prime factors of 16885/66 + (12/(-4))/(-18).
2
Let z(q) = -q**3 + 7*q**2 + 3*q - 16. Let g be z(7). Let r(w) = g - 5 + 15 + 2*w**2 - 19*w. List the prime factors of r(10).
5
Suppose -2464 = -4*x 